is divided by 63?
46
Calculate the remainder when 130966 is divided by 61.
60
Calculate the remainder when 14527 is divided by 213.
43
What is the remainder when 58126 is divided by 15?
1
Calculate the remainder when 8338 is divided by 16.
2
Calculate the remainder when 40923 is divided by 422.
411
What is the remainder when 1936 is divided by 284?
232
Calculate the remainder when 300214 is divided by 26.
18
Calculate the remainder when 51633 is divided by 49.
36
What is the remainder when 126647 is divided by 85?
82
Calculate the remainder when 23707 is divided by 11851.
5
Calculate the remainder when 1674 is divided by 100.
74
What is the remainder when 182245 is divided by 363?
19
What is the remainder when 293307 is divided by 97767?
6
Calculate the remainder when 130076 is divided by 32507.
48
Calculate the remainder when 19665 is divided by 289.
13
Calculate the remainder when 4021 is divided by 20.
1
Calculate the remainder when 6315 is divided by 3106.
103
Calculate the remainder when 134843 is divided by 310.
303
What is the remainder when 34904 is divided by 39?
38
Calculate the remainder when 4790 is divided by 2362.
66
Calculate the remainder when 1252 is divided by 520.
212
Calculate the remainder when 1726 is divided by 231.
109
Calculate the remainder when 1646 is divided by 457.
275
Calculate the remainder when 1064 is divided by 214.
208
Calculate the remainder when 96366 is divided by 39.
36
What is the remainder when 3397 is divided by 1092?
121
What is the remainder when 14890 is divided by 1489?
0
Calculate the remainder when 663610 is divided by 21.
10
Calculate the remainder when 8590 is divided by 594.
274
What is the remainder when 1715177 is divided by 1064?
9
What is the remainder when 2080570 is divided by 26?
24
What is the remainder when 7655 is divided by 7608?
47
Calculate the remainder when 53349 is divided by 26651.
47
Calculate the remainder when 34842 is divided by 8695.
62
What is the remainder when 3353 is divided by 717?
485
What is the remainder when 29543 is divided by 374?
371
What is the remainder when 120486 is divided by 80?
6
What is the remainder when 214918 is divided by 19?
9
Calculate the remainder when 305556 is divided by 125.
56
What is the remainder when 10505 is divided by 3141?
1082
Calculate the remainder when 3015 is divided by 500.
15
What is the remainder when 2371 is divided by 780?
31
Calculate the remainder when 42084 is divided by 46.
40
Calculate the remainder when 8056 is divided by 11.
4
Calculate the remainder when 365 is divided by 79.
49
Calculate the remainder when 1496 is divided by 140.
96
Calculate the remainder when 1504 is divided by 163.
37
What is the remainder when 2732 is divided by 249?
242
What is the remainder when 56767 is divided by 56766?
1
What is the remainder when 4672 is divided by 779?
777
Calculate the remainder when 4532 is divided by 803.
517
Calculate the remainder when 9214 is divided by 1532.
22
Calculate the remainder when 462232 is divided by 235.
222
Calculate the remainder when 1291 is divided by 398.
97
What is the remainder when 2612 is divided by 2580?
32
What is the remainder when 3552 is divided by 3201?
351
Calculate the remainder when 84771 is divided by 27.
18
Calculate the remainder when 734474 is divided by 21.
20
Calculate the remainder when 2651 is divided by 854.
89
What is the remainder when 4951 is divided by 290?
21
Calculate the remainder when 16694 is divided by 8.
6
What is the remainder when 1706 is divided by 1534?
172
Calculate the remainder when 35018 is divided by 430.
188
What is the remainder when 7379 is divided by 24?
11
Calculate the remainder when 3243 is divided by 1990.
1253
Calculate the remainder when 38140 is divided by 51.
43
Calculate the remainder when 530686 is divided by 192.
190
What is the remainder when 55898 is divided by 25?
23
Calculate the remainder when 8446 is divided by 2766.
148
Calculate the remainder when 5366 is divided by 131.
126
What is the remainder when 26863 is divided by 195?
148
Calculate the remainder when 4254 is divided by 25.
4
Calculate the remainder when 6042 is divided by 178.
168
What is the remainder when 1329 is divided by 640?
49
Calculate the remainder when 750110 is divided by 346.
328
Calculate the remainder when 62158 is divided by 24.
22
What is the remainder when 3003816 is divided by 809?
808
What is the remainder when 10132 is divided by 115?
12
What is the remainder when 185 is divided by 147?
38
What is the remainder when 181639 is divided by 12?
7
What is the remainder when 20543 is divided by 47?
4
Calculate the remainder when 354088 is divided by 17.
12
Calculate the remainder when 687 is divided by 361.
326
Calculate the remainder when 2111 is divided by 528.
527
Calculate the remainder when 479 is divided by 194.
91
What is the remainder when 206196 is divided by 9?
6
What is the remainder when 593 is divided by 295?
3
Calculate the remainder when 3742447 is divided by 178.
175
What is the remainder when 95377 is divided by 23?
19
Calculate the remainder when 16920 is divided by 403.
397
Calculate the remainder when 12671 is divided by 19.
17
What is the remainder when 6262 is divided by 283?
36
What is the remainder when 5173 is divided by 112?
21
Calculate the remainder when 1097 is divided by 120.
17
What is the remainder when 800 is divided by 224?
128
Calculate the remainder when 9763 is divided by 62.
29
Calculate the remainder when 1101 is divided by 464.
173
Calculate the remainder when 126816 is divided by 61.
58
What is the remainder when 17702 is divided by 3?
2
What is the remainder when 336759 is divided by 1892?
1875
Calculate the remainder when 17206 is divided by 92.
2
What is the remainder when 4263 is divided by 362?
281
Calculate the remainder when 72593 is divided by 6048.
17
Calculate the remainder when 186727 is divided by 546.
541
What is the remainder when 2365167 is divided by 274?
273
Calculate the remainder when 2316 is divided by 693.
237
Calculate the remainder when 12309 is divided by 1428.
885
Calculate the remainder when 3746301 is divided by 311.
306
What is the remainder when 151003 is divided by 75495?
13
Calculate the remainder when 4428 is divided by 60.
48
What is the remainder when 98597 is divided by 265?
17
What is the remainder when 2952 is divided by 455?
222
What is the remainder when 1582 is divided by 328?
270
Calculate the remainder when 4166 is divided by 5.
1
What is the remainder when 12216 is divided by 1090?
226
What is the remainder when 77140 is divided by 3506?
8
What is the remainder when 2980 is divided by 1484?
12
Calculate the remainder when 13121 is divided by 373.
66
Calculate the remainder when 68119 is divided by 22691.
46
What is the remainder when 555 is divided by 41?
22
What is the remainder when 6832 is divided by 307?
78
What is the remainder when 243644 is divided by 98?
16
Calculate the remainder when 176747 is divided by 350.
347
What is the remainder when 15059 is divided by 564?
395
Calculate the remainder when 897214 is divided by 133.
129
Calculate the remainder when 155083 is divided by 21.
19
Calculate the remainder when 3653 is divided by 599.
59
What is the remainder when 91997 is divided by 1587?
1538
What is the remainder when 348144 is divided by 268?
12
What is the remainder when 41591 is divided by 2?
1
Calculate the remainder when 8859 is divided by 4348.
163
What is the remainder when 27335 is divided by 506?
11
What is the remainder when 17512 is divided by 17483?
29
Calculate the remainder when 19423 is divided by 259.
257
Calculate the remainder when 338513 is divided by 29.
25
Calculate the remainder when 44360 is divided by 11085.
20
What is the remainder when 768724 is divided by 38?
22
Calculate the remainder when 49570 is divided by 70.
10
Calculate the remainder when 34390 is divided by 6857.
105
Calculate the remainder when 6329 is divided by 422.
421
What is the remainder when 1152 is divided by 161?
25
What is the remainder when 10462 is divided by 10327?
135
What is the remainder when 43308 is divided by 137?
16
Calculate the remainder when 297267 is divided by 18.
15
What is the remainder when 2420163 is divided by 3?
0
What is the remainder when 23216 i